the highest common divisor of x and a.
12
Let x be 6 + ((-6)/(-2) - 3). Suppose 15*q = 18*q - 306. What is the highest common factor of x and q?
6
Suppose 0 = -3*r + 553 - 109. Suppose 5*y + 27 = u + r, 4*u + 4 = 0. What is the highest common factor of 36 and y?
12
Suppose -p = -19*p + 990. Let l be 112/10 - (-1)/(-5). What is the highest common divisor of l and p?
11
Let k(h) = h + 15. Suppose -13*x + 45 = -8*x. Let l be k(x). Calculate the greatest common divisor of 36 and l.
12
Suppose -2109 = -9*n - 1992. Suppose 2*u - 6*u + 256 = -4*l, -5*u - 3*l = -328. What is the highest common factor of n and u?
13
Let u(l) = l + 22. Let n = 51 + -66. Let y be u(n). Let s(i) = -6*i + 1. Let q be s(-8). What is the greatest common factor of y and q?
7
Suppose -8*o + 910 - 382 = 0. Calculate the highest common factor of 902 and o.
22
Let u be ((-225)/10)/(8/(-16)). What is the greatest common factor of u and 45?
45
Let x be 39/6 + (3/(-2))/(-3). Calculate the highest common factor of x and 168.
7
Suppose 5*z + 3*f + 55 = 147, 3*z = 3*f + 60. What is the greatest common divisor of 152 and z?
19
Let m be 9 - 3 - (-1 - -2). Let v be (-8)/3*6/(-4). Suppose 0 = -m*a + 3*u - u + 158, -v*u = -5*a + 166. What is the highest common factor of 10 and a?
10
Suppose 4*z - 20 - 11 = -3*u, -3*u - 2*z + 23 = 0. Suppose 5*h + t = 124, -u*t + 10 = -10. Calculate the highest common divisor of h and 48.
24
Let j = -62 - -266. Calculate the highest common divisor of j and 306.
102
Let x(g) = -g**3 - 6*g**2 - 7*g - 33. Let p be x(-7). What is the highest common factor of p and 26?
13
Let v(b) be the third derivative of b**6/12 + b**4/24 - b**2. Let l be v(1). Let i(c) = 5*c + 59. Let a be i(-3). What is the highest common divisor of a and l?
11
Let u = -18 - -16. Let y be 2*(u - 20/(-8)). Let t be ((-15)/(-10))/(y/6). What is the greatest common factor of t and 9?
9
Suppose 110 = -11*i + 6*i. Let n be 20/(-50) + i/(-5). Suppose -n*q + 442 = -86. What is the greatest common factor of q and 12?
12
Suppose -q + 3 + 1 = 0. Suppose -f = -q*d + 13 + 3, 20 = 5*d - 5*f. Let h be d/3*(-3)/(-2). Calculate the highest common divisor of 16 and h.
2
Let h(o) = o + 10. Let c be h(-8). Calculate the greatest common divisor of 2 and c.
2
Suppose 609 + 637 = -5*t + 2*z, 5*t - 4*z = -1252. Suppose 195*b + 288 = 193*b. Let a = b - t. What is the greatest common divisor of 13 and a?
13
Let o = -410 - -442. Calculate the highest common factor of o and 68.
4
Let c = 4 + -13. Let l = 63 + c. Calculate the highest common divisor of l and 36.
18
Suppose 5*m = 10*m + 250. Let q be 22/(-55)*m/1. Let z(i) = i**2 + 8*i - 5. Let s be z(-9). What is the highest common factor of q and s?
4
Suppose -2*o + 13*o = 165. Let a = 140 - 80. What is the highest common factor of o and a?
15
Let o(s) be the third derivative of s**5/12 - s**4/12 + 5*s**3/3 - 9*s**2. Let g be o(3). What is the highest common divisor of 7 and g?
7
Suppose 6*f + 4*s = 3*f + 55, 0 = -3*s - 6. Let t be 220/7*f/6. What is the highest common factor of t and 10?
10
Let u be 5*(-32)/(-24)*18. Calculate the highest common factor of u and 48.
24
Suppose -2*p + 2*z - 24 = -z, 5*p + 4*z = -37. Let l(j) = j**2 + 7*j - 4. Let o be l(p). Let t = -101 - -143. Calculate the greatest common factor of o and t.
14
Let j be 14/3 + 6/(-9). Suppose -j = 2*o, -4*r - 3*o + 129 = -r. What is the greatest common divisor of 9 and r?
9
Suppose -5*x + 14 = -6. Suppose -k = -x*d - 36, 4*d + 76 = -3*k + 5*k. Let o = -99 - -115. What is the highest common factor of k and o?
8
Suppose -2*a - 26 = 6. Let w be 6/(-2)*a/12. Suppose 0 = -w*k - 0*k + 24. Calculate the highest common divisor of 4 and k.
2
Let s be 2/6*(43 - -923). What is the greatest common divisor of 14 and s?
14
Suppose -186*w + 480 = -183*w. Calculate the greatest common factor of 20 and w.
20
Suppose 3*z - 12 = 0, 0*z + z - 14 = -2*h. Suppose -h*f - 16 = -21. Suppose 6 + 4 = 2*r. Calculate the highest common divisor of r and f.
1
Let l = -291 + 295. Suppose 3 + 3 = 3*y + 2*o, 4*o = 3*y - 24. What is the greatest common factor of l and y?
4
Suppose 265 + 323 = 12*q. What is the highest common divisor of 196 and q?
49
Suppose -5*w - 2 = 3, 4*j = -3*w + 333. Let b(u) = 5 + 3 + 15 + 3*u**2 - 9*u + 39*u. Let p be b(-11). Calculate the greatest common divisor of j and p.
28
Suppose -4*b - j = -0*j - 220, -3*b - 2*j + 170 = 0. What is the greatest common divisor of b and 1458?
54
Let y be (-1)/6 - (-2166)/36. Let d(j) = -j**3 - 11*j**2 - 18*j + 20. Let g be d(-9). What is the greatest common factor of g and y?
20
Suppose q - 17 + 72 = 0. Let v be 11/q - ((-202)/10)/1. Calculate the highest common divisor of 10 and v.
10
Let v = -25 + 41. Suppose -3 = 4*y - 2*k - 19, -4*y + 3*k = -v. Suppose 2*p - 3*m = 35, 2*p = y*p - 5*m - 45. Calculate the greatest common divisor of 70 and p.
10
Let l = -236 - -257. What is the highest common divisor of 4137 and l?
21
Let a(c) = -306*c**3 - c**2 - 2*c - 1. Let v be a(-1). Let t = 21 + -36. Let m be 202/6 + (-5)/t. Calculate the greatest common factor of v and m.
34
Let k(u) = -7*u - 118. Let m be k(-19). Calculate the highest common divisor of m and 5.
5
Let o(r) = r + 10. Let b(c) = -c**3 + 8*c - 3. Let g be b(3). Let a be g/8 + (-165)/20. Let d be o(a). Calculate the greatest common factor of 11 and d.
1
Suppose 11*a - 10*a = 33. Let z = a + -27. What is the highest common divisor of z and 4?
2
Let v = 56 - 32. Suppose -5*z + 2 = j - 15, 4*j + 16 = z. Suppose z*b = -20 + 84. Calculate the highest common divisor of b and v.
8
Let g = 23 + -11. Let c be (-152)/6*54/(-12). Let r = 210 - c. What is the greatest common factor of r and g?
12
Let d = -37 + 33. Let f(r) = -14*r. Let x be f(d). Calculate the greatest common divisor of 7 and x.
7
Suppose -5*m - 4*q = -1160, -3*m = -m - 4*q - 464. Calculate the greatest common divisor of m and 29.
29
Let r(o) = o**3 - o**2. Let l be r(0). Suppose -k - 4*k + 120 = l. Let c(i) = -7*i + 54. Let q be c(6). Calculate the greatest common divisor of q and k.
12
Let m be 510/(-12)*12/(-15). Let y(a) = -122*a + 8. Let w be y(-3). What is the highest common factor of m and w?
34
Suppose -2*p + 1 + 7 = 0. Suppose p*q + 1000 = 3*w, -4*w + 2*q - 4*q + 1304 = 0. Calculate the highest common divisor of w and 41.
41
Let s(v) = -12*v**3 - 1. Suppose -w = -0*w - 4. Let b = 3 - w. Let h be s(b). What is the highest common factor of h and 33?
11
Suppose -6*h + h + 2*q + 153 = 0, 2*h - 3*q - 59 = 0. What is the highest common factor of 248 and h?
31
Suppose 4*l + 94 + 38 = 0. Let p = l + 61. What is the highest common divisor of p and 126?
14
Suppose -372 = -6*s + 2*s. Suppose -3*b - 2*m = -50, 0 = -4*b - 4*m - 33 + s. Let d be (-12)/15 + (-145)/(-25). What is the greatest common divisor of b and d?
5
Let n(i) = -i - 13. Let s be n(-16). Calculate the highest common divisor of 8 and s.
1
Let a be (-46)/(-4) - (6 - 21/6). What is the highest common divisor of 18 and a?
9
Let y(p) = 8*p**2 - p + 1. Let i be 3 - (21/(-14) + (-11)/(-2)). Let f be y(i). What is the greatest common divisor of f and 6?
2
Suppose 104 = 4*v - 3*z + 4*z, -115 = -5*v - 5*z. What is the highest common factor of v and 63?
9
Let n(i) = -i**3 + 8*i**2 - 13*i - 3. Let c be n(6). Let v be (-544)/(-18) + 2/c. Calculate the greatest common factor of v and 45.
15
Suppose 5*y + 23 + 38 = 4*p, -2*p + 13 = y. Calculate the highest common factor of 63 and p.
9
Suppose 4*p - 9 = p. Suppose 4*z - 57 = 51. Calculate the greatest common divisor of p and z.
3
Let v = 857 + -848. Suppose -4*p = 5*u - 35, -2*p + 4*u - 1 = -51. Let h = p - 9. Calculate the greatest common factor of v and h.
3
Suppose 4*w - 13 = 7. Let r be 22 + (w - 2) + 0/2. What is the highest common divisor of r and 5?
5
Let z be (158/8)/((-35)/(-140)). What is the greatest common divisor of z and 1580?
79
Let s(u) = u**2 - 10*u + 19. Let a be s(8). Let b be (a - 2)/(2/22). Calculate the highest common factor of 11 and b.
11
Let y(t) = 6*t - 10*t + 5*t + 3*t**2. Let w be y(-1). Suppose d - 5*k = -d + 37, 0 = -w*k + 2. Calculate the highest common factor of d and 42.
21
Suppose -3*a + 5*w = -841, -450 = 5*a - 5*w - 1835. Calculate the greatest common divisor of a and 32.
16
Let p(k) = -k**2 - 3*k + 2. Let i be p(-3). Let x = i 